{"id":417,"date":"2025-06-04T15:23:20","date_gmt":"2025-06-04T13:23:20","guid":{"rendered":"https:\/\/www.reseauclimatjeunesse.org\/?page_id=417"},"modified":"2025-06-10T15:46:57","modified_gmt":"2025-06-10T13:46:57","slug":"charte-etique","status":"publish","type":"page","link":"https:\/\/www.reseauclimatjeunesse.org\/index.php\/charte-etique\/","title":{"rendered":"La charte \u00e9thique"},"content":{"rendered":"\t\t<div data-elementor-type=\"wp-page\" data-elementor-id=\"417\" class=\"elementor elementor-417\">\n\t\t\t\t<div class=\"elementor-element elementor-element-5672d2b e-flex e-con-boxed e-con e-parent\" data-id=\"5672d2b\" data-element_type=\"container\">\n\t\t\t\t\t<div class=\"e-con-inner\">\n\t\t\t\t<div class=\"elementor-element elementor-element-82a4fe0 elementor-widget elementor-widget-heading\" data-id=\"82a4fe0\" data-element_type=\"widget\" data-widget_type=\"heading.default\">\n\t\t\t\t<div class=\"elementor-widget-container\">\n\t\t\t\t\t<h2 class=\"elementor-heading-title elementor-size-default\">Charte \u00e9thique<\/h2>\t\t\t\t<\/div>\n\t\t\t\t<\/div>\n\t\t\t\t<div class=\"elementor-element elementor-element-cdaa2e1 elementor-widget elementor-widget-text-editor\" data-id=\"cdaa2e1\" data-element_type=\"widget\" data-widget_type=\"text-editor.default\">\n\t\t\t\t<div class=\"elementor-widget-container\">\n\t\t\t\t\t\t\t\t\t<h3><b>LES 6 VALEURS PRINCIPALES DU RCJ<\/b><\/h3>\t\t\t\t\t\t\t\t<\/div>\n\t\t\t\t<\/div>\n\t\t\t\t\t<\/div>\n\t\t\t\t<\/div>\n\t\t<div class=\"elementor-element elementor-element-91e09c3 e-flex e-con-boxed e-con e-parent\" data-id=\"91e09c3\" data-element_type=\"container\">\n\t\t\t\t\t<div class=\"e-con-inner\">\n\t\t\t\t<div class=\"elementor-element elementor-element-eb572e2 elementor-widget elementor-widget-text-editor\" data-id=\"eb572e2\" data-element_type=\"widget\" data-widget_type=\"text-editor.default\">\n\t\t\t\t<div class=\"elementor-widget-container\">\n\t\t\t\t\t\t\t\t\t<p><b>Charte \u00e9thique : <\/b>Elle <b>d\u00e9finit les valeurs du groupe et les principes d\u2019engagement<\/b> \u00e0 l\u2019\u00e9gard de ce mouvement.<\/p>\t\t\t\t\t\t\t\t<\/div>\n\t\t\t\t<\/div>\n\t\t\t\t\t<\/div>\n\t\t\t\t<\/div>\n\t\t<div class=\"elementor-element elementor-element-c17ccc3 e-grid e-con-boxed e-con e-parent\" data-id=\"c17ccc3\" data-element_type=\"container\">\n\t\t\t\t\t<div class=\"e-con-inner\">\n\t\t\t\t<div class=\"elementor-element elementor-element-e497c40 elementor-widget elementor-widget-image\" data-id=\"e497c40\" data-element_type=\"widget\" data-widget_type=\"image.default\">\n\t\t\t\t<div class=\"elementor-widget-container\">\n\t\t\t\t\t\t\t\t\t\t\t\t\t\t\t<img decoding=\"async\" width=\"198\" height=\"190\" src=\"https:\/\/www.reseauclimatjeunesse.org\/wp-content\/uploads\/2025\/06\/Valeur-1.jpg\" class=\"attachment-large size-large wp-image-661\" alt=\"\" \/>\t\t\t\t\t\t\t\t\t\t\t\t\t\t\t<\/div>\n\t\t\t\t<\/div>\n\t\t\t\t<div class=\"elementor-element elementor-element-13b5143 elementor-widget elementor-widget-image\" data-id=\"13b5143\" data-element_type=\"widget\" data-widget_type=\"image.default\">\n\t\t\t\t<div class=\"elementor-widget-container\">\n\t\t\t\t\t\t\t\t\t\t\t\t\t\t\t<img decoding=\"async\" width=\"202\" height=\"182\" src=\"https:\/\/www.reseauclimatjeunesse.org\/wp-content\/uploads\/2025\/06\/Valeur-2.jpg\" class=\"attachment-large size-large wp-image-662\" alt=\"\" \/>\t\t\t\t\t\t\t\t\t\t\t\t\t\t\t<\/div>\n\t\t\t\t<\/div>\n\t\t\t\t<div class=\"elementor-element elementor-element-ec0874f elementor-widget elementor-widget-image\" data-id=\"ec0874f\" data-element_type=\"widget\" data-widget_type=\"image.default\">\n\t\t\t\t<div class=\"elementor-widget-container\">\n\t\t\t\t\t\t\t\t\t\t\t\t\t\t\t<img decoding=\"async\" width=\"176\" height=\"184\" src=\"https:\/\/www.reseauclimatjeunesse.org\/wp-content\/uploads\/2025\/06\/Valeur-3.jpg\" class=\"attachment-large size-large wp-image-663\" alt=\"\" \/>\t\t\t\t\t\t\t\t\t\t\t\t\t\t\t<\/div>\n\t\t\t\t<\/div>\n\t\t\t\t<div class=\"elementor-element elementor-element-83ed6c8 elementor-widget elementor-widget-image\" data-id=\"83ed6c8\" data-element_type=\"widget\" data-widget_type=\"image.default\">\n\t\t\t\t<div class=\"elementor-widget-container\">\n\t\t\t\t\t\t\t\t\t\t\t\t\t\t\t<img loading=\"lazy\" decoding=\"async\" width=\"202\" height=\"192\" src=\"https:\/\/www.reseauclimatjeunesse.org\/wp-content\/uploads\/2025\/06\/Valeur-4.jpg\" class=\"attachment-large size-large wp-image-664\" alt=\"\" \/>\t\t\t\t\t\t\t\t\t\t\t\t\t\t\t<\/div>\n\t\t\t\t<\/div>\n\t\t\t\t<div class=\"elementor-element elementor-element-2275e90 elementor-widget elementor-widget-image\" data-id=\"2275e90\" data-element_type=\"widget\" data-widget_type=\"image.default\">\n\t\t\t\t<div class=\"elementor-widget-container\">\n\t\t\t\t\t\t\t\t\t\t\t\t\t\t\t<img loading=\"lazy\" decoding=\"async\" width=\"151\" height=\"161\" src=\"https:\/\/www.reseauclimatjeunesse.org\/wp-content\/uploads\/2025\/06\/Valeur-5.jpg\" class=\"attachment-large size-large wp-image-665\" alt=\"\" \/>\t\t\t\t\t\t\t\t\t\t\t\t\t\t\t<\/div>\n\t\t\t\t<\/div>\n\t\t\t\t<div class=\"elementor-element elementor-element-ff2c2f5 elementor-widget elementor-widget-image\" data-id=\"ff2c2f5\" data-element_type=\"widget\" data-widget_type=\"image.default\">\n\t\t\t\t<div class=\"elementor-widget-container\">\n\t\t\t\t\t\t\t\t\t\t\t\t\t\t\t<img loading=\"lazy\" decoding=\"async\" width=\"229\" height=\"225\" src=\"https:\/\/www.reseauclimatjeunesse.org\/wp-content\/uploads\/2025\/06\/Valeur-6.jpg\" class=\"attachment-large size-large wp-image-666\" alt=\"\" \/>\t\t\t\t\t\t\t\t\t\t\t\t\t\t\t<\/div>\n\t\t\t\t<\/div>\n\t\t\t\t\t<\/div>\n\t\t\t\t<\/div>\n\t\t\t\t<\/div>\n\t\t","protected":false},"excerpt":{"rendered":"<p>Charte \u00e9thique LES 6 VALEURS PRINCIPALES DU RCJ Charte \u00e9thique : Elle d\u00e9finit les valeurs du groupe et les principes d\u2019engagement \u00e0 l\u2019\u00e9gard de ce mouvement.<\/p>\n","protected":false},"author":1,"featured_media":0,"parent":0,"menu_order":0,"comment_status":"closed","ping_status":"closed","template":"","meta":{"ocean_post_layout":"","ocean_both_sidebars_style":"","ocean_both_sidebars_content_width":0,"ocean_both_sidebars_sidebars_width":0,"ocean_sidebar":"","ocean_second_sidebar":"","ocean_disable_margins":"enable","ocean_add_body_class":"","ocean_shortcode_before_top_bar":"","ocean_shortcode_after_top_bar":"","ocean_shortcode_before_header":"","ocean_shortcode_after_header":"","ocean_has_shortcode":"","ocean_shortcode_after_title":"","ocean_shortcode_before_footer_widgets":"","ocean_shortcode_after_footer_widgets":"","ocean_shortcode_before_footer_bottom":"","ocean_shortcode_after_footer_bottom":"","ocean_display_top_bar":"default","ocean_display_header":"default","ocean_header_style":"","ocean_center_header_left_menu":"","ocean_custom_header_template":"","ocean_custom_logo":0,"ocean_custom_retina_logo":0,"ocean_custom_logo_max_width":0,"ocean_custom_logo_tablet_max_width":0,"ocean_custom_logo_mobile_max_width":0,"ocean_custom_logo_max_height":0,"ocean_custom_logo_tablet_max_height":0,"ocean_custom_logo_mobile_max_height":0,"ocean_header_custom_menu":"","ocean_menu_typo_font_family":"","ocean_menu_typo_font_subset":"","ocean_menu_typo_font_size":0,"ocean_menu_typo_font_size_tablet":0,"ocean_menu_typo_font_size_mobile":0,"ocean_menu_typo_font_size_unit":"px","ocean_menu_typo_font_weight":"","ocean_menu_typo_font_weight_tablet":"","ocean_menu_typo_font_weight_mobile":"","ocean_menu_typo_transform":"","ocean_menu_typo_transform_tablet":"","ocean_menu_typo_transform_mobile":"","ocean_menu_typo_line_height":0,"ocean_menu_typo_line_height_tablet":0,"ocean_menu_typo_line_height_mobile":0,"ocean_menu_typo_line_height_unit":"","ocean_menu_typo_spacing":0,"ocean_menu_typo_spacing_tablet":0,"ocean_menu_typo_spacing_mobile":0,"ocean_menu_typo_spacing_unit":"","ocean_menu_link_color":"","ocean_menu_link_color_hover":"","ocean_menu_link_color_active":"","ocean_menu_link_background":"","ocean_menu_link_hover_background":"","ocean_menu_link_active_background":"","ocean_menu_social_links_bg":"","ocean_menu_social_hover_links_bg":"","ocean_menu_social_links_color":"","ocean_menu_social_hover_links_color":"","ocean_disable_title":"default","ocean_disable_heading":"default","ocean_post_title":"","ocean_post_subheading":"","ocean_post_title_style":"","ocean_post_title_background_color":"","ocean_post_title_background":0,"ocean_post_title_bg_image_position":"","ocean_post_title_bg_image_attachment":"","ocean_post_title_bg_image_repeat":"","ocean_post_title_bg_image_size":"","ocean_post_title_height":0,"ocean_post_title_bg_overlay":0.5,"ocean_post_title_bg_overlay_color":"","ocean_disable_breadcrumbs":"default","ocean_breadcrumbs_color":"","ocean_breadcrumbs_separator_color":"","ocean_breadcrumbs_links_color":"","ocean_breadcrumbs_links_hover_color":"","ocean_display_footer_widgets":"default","ocean_display_footer_bottom":"default","ocean_custom_footer_template":"","footnotes":""},"class_list":["post-417","page","type-page","status-publish","hentry","entry"],"yoast_head":"<!-- This site is optimized with the Yoast SEO plugin v25.6 - https:\/\/yoast.com\/wordpress\/plugins\/seo\/ -->\n<title>La charte \u00e9thique - R\u00e9seau Climat Jeunesse<\/title>\n<meta name=\"robots\" content=\"index, follow, max-snippet:-1, max-image-preview:large, max-video-preview:-1\" \/>\n<link rel=\"canonical\" href=\"https:\/\/www.reseauclimatjeunesse.org\/index.php\/charte-etique\/\" \/>\n<meta property=\"og:locale\" content=\"fr_FR\" \/>\n<meta property=\"og:type\" content=\"article\" \/>\n<meta property=\"og:title\" content=\"La charte \u00e9thique - R\u00e9seau Climat Jeunesse\" \/>\n<meta property=\"og:description\" content=\"Charte \u00e9thique LES 6 VALEURS PRINCIPALES DU RCJ Charte \u00e9thique : Elle d\u00e9finit les valeurs du groupe et les principes d\u2019engagement \u00e0 l\u2019\u00e9gard de ce mouvement.\" \/>\n<meta property=\"og:url\" content=\"https:\/\/www.reseauclimatjeunesse.org\/index.php\/charte-etique\/\" \/>\n<meta property=\"og:site_name\" content=\"R\u00e9seau Climat Jeunesse\" \/>\n<meta property=\"article:modified_time\" content=\"2025-06-10T13:46:57+00:00\" \/>\n<meta property=\"og:image\" content=\"http:\/\/www.reseauclimatjeunesse.org\/wp-content\/uploads\/2025\/06\/Valeur-1.jpg\" \/>\n<meta name=\"twitter:card\" content=\"summary_large_image\" \/>\n<meta name=\"twitter:label1\" content=\"Dur\u00e9e de lecture estim\u00e9e\" \/>\n\t<meta name=\"twitter:data1\" content=\"2 minutes\" \/>\n<script type=\"application\/ld+json\" class=\"yoast-schema-graph\">{\"@context\":\"https:\/\/schema.org\",\"@graph\":[{\"@type\":\"WebPage\",\"@id\":\"https:\/\/www.reseauclimatjeunesse.org\/index.php\/charte-etique\/\",\"url\":\"https:\/\/www.reseauclimatjeunesse.org\/index.php\/charte-etique\/\",\"name\":\"La charte \u00e9thique - R\u00e9seau Climat Jeunesse\",\"isPartOf\":{\"@id\":\"https:\/\/www.reseauclimatjeunesse.org\/#website\"},\"primaryImageOfPage\":{\"@id\":\"https:\/\/www.reseauclimatjeunesse.org\/index.php\/charte-etique\/#primaryimage\"},\"image\":{\"@id\":\"https:\/\/www.reseauclimatjeunesse.org\/index.php\/charte-etique\/#primaryimage\"},\"thumbnailUrl\":\"http:\/\/www.reseauclimatjeunesse.org\/wp-content\/uploads\/2025\/06\/Valeur-1.jpg\",\"datePublished\":\"2025-06-04T13:23:20+00:00\",\"dateModified\":\"2025-06-10T13:46:57+00:00\",\"breadcrumb\":{\"@id\":\"https:\/\/www.reseauclimatjeunesse.org\/index.php\/charte-etique\/#breadcrumb\"},\"inLanguage\":\"fr-FR\",\"potentialAction\":[{\"@type\":\"ReadAction\",\"target\":[\"https:\/\/www.reseauclimatjeunesse.org\/index.php\/charte-etique\/\"]}]},{\"@type\":\"ImageObject\",\"inLanguage\":\"fr-FR\",\"@id\":\"https:\/\/www.reseauclimatjeunesse.org\/index.php\/charte-etique\/#primaryimage\",\"url\":\"https:\/\/www.reseauclimatjeunesse.org\/wp-content\/uploads\/2025\/06\/Valeur-1.jpg\",\"contentUrl\":\"https:\/\/www.reseauclimatjeunesse.org\/wp-content\/uploads\/2025\/06\/Valeur-1.jpg\",\"width\":198,\"height\":190},{\"@type\":\"BreadcrumbList\",\"@id\":\"https:\/\/www.reseauclimatjeunesse.org\/index.php\/charte-etique\/#breadcrumb\",\"itemListElement\":[{\"@type\":\"ListItem\",\"position\":1,\"name\":\"Accueil\",\"item\":\"https:\/\/www.reseauclimatjeunesse.org\/\"},{\"@type\":\"ListItem\",\"position\":2,\"name\":\"La charte \u00e9thique\"}]},{\"@type\":\"WebSite\",\"@id\":\"https:\/\/www.reseauclimatjeunesse.org\/#website\",\"url\":\"https:\/\/www.reseauclimatjeunesse.org\/\",\"name\":\"R\u00e9seau Climat Jeunesse\",\"description\":\"RCJ FAEM\",\"publisher\":{\"@id\":\"https:\/\/www.reseauclimatjeunesse.org\/#organization\"},\"potentialAction\":[{\"@type\":\"SearchAction\",\"target\":{\"@type\":\"EntryPoint\",\"urlTemplate\":\"https:\/\/www.reseauclimatjeunesse.org\/?s={search_term_string}\"},\"query-input\":{\"@type\":\"PropertyValueSpecification\",\"valueRequired\":true,\"valueName\":\"search_term_string\"}}],\"inLanguage\":\"fr-FR\"},{\"@type\":\"Organization\",\"@id\":\"https:\/\/www.reseauclimatjeunesse.org\/#organization\",\"name\":\"R\u00e9seau Climat Jeunesse\",\"url\":\"https:\/\/www.reseauclimatjeunesse.org\/\",\"logo\":{\"@type\":\"ImageObject\",\"inLanguage\":\"fr-FR\",\"@id\":\"https:\/\/www.reseauclimatjeunesse.org\/#\/schema\/logo\/image\/\",\"url\":\"https:\/\/www.reseauclimatjeunesse.org\/wp-content\/uploads\/2025\/07\/cropped-Logo-climat-jeunesse-Vperso-AEM.png\",\"contentUrl\":\"https:\/\/www.reseauclimatjeunesse.org\/wp-content\/uploads\/2025\/07\/cropped-Logo-climat-jeunesse-Vperso-AEM.png\",\"width\":1089,\"height\":1041,\"caption\":\"R\u00e9seau Climat Jeunesse\"},\"image\":{\"@id\":\"https:\/\/www.reseauclimatjeunesse.org\/#\/schema\/logo\/image\/\"}}]}<\/script>\n<!-- \/ Yoast SEO plugin. -->","yoast_head_json":{"title":"La charte \u00e9thique - R\u00e9seau Climat Jeunesse","robots":{"index":"index","follow":"follow","max-snippet":"max-snippet:-1","max-image-preview":"max-image-preview:large","max-video-preview":"max-video-preview:-1"},"canonical":"https:\/\/www.reseauclimatjeunesse.org\/index.php\/charte-etique\/","og_locale":"fr_FR","og_type":"article","og_title":"La charte \u00e9thique - R\u00e9seau Climat Jeunesse","og_description":"Charte \u00e9thique LES 6 VALEURS PRINCIPALES DU RCJ Charte \u00e9thique : Elle d\u00e9finit les valeurs du groupe et les principes d\u2019engagement \u00e0 l\u2019\u00e9gard de ce mouvement.","og_url":"https:\/\/www.reseauclimatjeunesse.org\/index.php\/charte-etique\/","og_site_name":"R\u00e9seau Climat Jeunesse","article_modified_time":"2025-06-10T13:46:57+00:00","og_image":[{"url":"http:\/\/www.reseauclimatjeunesse.org\/wp-content\/uploads\/2025\/06\/Valeur-1.jpg","type":"","width":"","height":""}],"twitter_card":"summary_large_image","twitter_misc":{"Dur\u00e9e de lecture estim\u00e9e":"2 minutes"},"schema":{"@context":"https:\/\/schema.org","@graph":[{"@type":"WebPage","@id":"https:\/\/www.reseauclimatjeunesse.org\/index.php\/charte-etique\/","url":"https:\/\/www.reseauclimatjeunesse.org\/index.php\/charte-etique\/","name":"La charte \u00e9thique - R\u00e9seau Climat Jeunesse","isPartOf":{"@id":"https:\/\/www.reseauclimatjeunesse.org\/#website"},"primaryImageOfPage":{"@id":"https:\/\/www.reseauclimatjeunesse.org\/index.php\/charte-etique\/#primaryimage"},"image":{"@id":"https:\/\/www.reseauclimatjeunesse.org\/index.php\/charte-etique\/#primaryimage"},"thumbnailUrl":"http:\/\/www.reseauclimatjeunesse.org\/wp-content\/uploads\/2025\/06\/Valeur-1.jpg","datePublished":"2025-06-04T13:23:20+00:00","dateModified":"2025-06-10T13:46:57+00:00","breadcrumb":{"@id":"https:\/\/www.reseauclimatjeunesse.org\/index.php\/charte-etique\/#breadcrumb"},"inLanguage":"fr-FR","potentialAction":[{"@type":"ReadAction","target":["https:\/\/www.reseauclimatjeunesse.org\/index.php\/charte-etique\/"]}]},{"@type":"ImageObject","inLanguage":"fr-FR","@id":"https:\/\/www.reseauclimatjeunesse.org\/index.php\/charte-etique\/#primaryimage","url":"https:\/\/www.reseauclimatjeunesse.org\/wp-content\/uploads\/2025\/06\/Valeur-1.jpg","contentUrl":"https:\/\/www.reseauclimatjeunesse.org\/wp-content\/uploads\/2025\/06\/Valeur-1.jpg","width":198,"height":190},{"@type":"BreadcrumbList","@id":"https:\/\/www.reseauclimatjeunesse.org\/index.php\/charte-etique\/#breadcrumb","itemListElement":[{"@type":"ListItem","position":1,"name":"Accueil","item":"https:\/\/www.reseauclimatjeunesse.org\/"},{"@type":"ListItem","position":2,"name":"La charte \u00e9thique"}]},{"@type":"WebSite","@id":"https:\/\/www.reseauclimatjeunesse.org\/#website","url":"https:\/\/www.reseauclimatjeunesse.org\/","name":"R\u00e9seau Climat Jeunesse","description":"RCJ FAEM","publisher":{"@id":"https:\/\/www.reseauclimatjeunesse.org\/#organization"},"potentialAction":[{"@type":"SearchAction","target":{"@type":"EntryPoint","urlTemplate":"https:\/\/www.reseauclimatjeunesse.org\/?s={search_term_string}"},"query-input":{"@type":"PropertyValueSpecification","valueRequired":true,"valueName":"search_term_string"}}],"inLanguage":"fr-FR"},{"@type":"Organization","@id":"https:\/\/www.reseauclimatjeunesse.org\/#organization","name":"R\u00e9seau Climat Jeunesse","url":"https:\/\/www.reseauclimatjeunesse.org\/","logo":{"@type":"ImageObject","inLanguage":"fr-FR","@id":"https:\/\/www.reseauclimatjeunesse.org\/#\/schema\/logo\/image\/","url":"https:\/\/www.reseauclimatjeunesse.org\/wp-content\/uploads\/2025\/07\/cropped-Logo-climat-jeunesse-Vperso-AEM.png","contentUrl":"https:\/\/www.reseauclimatjeunesse.org\/wp-content\/uploads\/2025\/07\/cropped-Logo-climat-jeunesse-Vperso-AEM.png","width":1089,"height":1041,"caption":"R\u00e9seau Climat Jeunesse"},"image":{"@id":"https:\/\/www.reseauclimatjeunesse.org\/#\/schema\/logo\/image\/"}}]}},"_links":{"self":[{"href":"https:\/\/www.reseauclimatjeunesse.org\/index.php\/wp-json\/wp\/v2\/pages\/417","targetHints":{"allow":["GET"]}}],"collection":[{"href":"https:\/\/www.reseauclimatjeunesse.org\/index.php\/wp-json\/wp\/v2\/pages"}],"about":[{"href":"https:\/\/www.reseauclimatjeunesse.org\/index.php\/wp-json\/wp\/v2\/types\/page"}],"author":[{"embeddable":true,"href":"https:\/\/www.reseauclimatjeunesse.org\/index.php\/wp-json\/wp\/v2\/users\/1"}],"replies":[{"embeddable":true,"href":"https:\/\/www.reseauclimatjeunesse.org\/index.php\/wp-json\/wp\/v2\/comments?post=417"}],"version-history":[{"count":6,"href":"https:\/\/www.reseauclimatjeunesse.org\/index.php\/wp-json\/wp\/v2\/pages\/417\/revisions"}],"predecessor-version":[{"id":669,"href":"https:\/\/www.reseauclimatjeunesse.org\/index.php\/wp-json\/wp\/v2\/pages\/417\/revisions\/669"}],"wp:attachment":[{"href":"https:\/\/www.reseauclimatjeunesse.org\/index.php\/wp-json\/wp\/v2\/media?parent=417"}],"curies":[{"name":"wp","href":"https:\/\/api.w.org\/{rel}","templated":true}]}}